nd 624?
48
What is the highest common divisor of 518315 and 21?
7
Calculate the greatest common factor of 13080 and 4469.
109
What is the highest common factor of 105 and 29505?
105
Calculate the highest common divisor of 13908 and 133.
19
What is the highest common factor of 126 and 5992?
14
What is the greatest common divisor of 1518 and 1208834?
506
Calculate the greatest common divisor of 40254 and 48.
6
What is the highest common factor of 127255 and 45?
5
What is the greatest common factor of 1273 and 616132?
1273
What is the greatest common divisor of 6624 and 69759?
207
Calculate the greatest common factor of 2 and 741776.
2
Calculate the highest common factor of 289 and 612.
17
Calculate the highest common divisor of 278 and 74.
2
Calculate the highest common divisor of 76 and 60572.
76
Calculate the highest common factor of 252 and 61236.
252
Calculate the highest common factor of 525 and 672.
21
Calculate the greatest common factor of 1792890 and 11.
11
Calculate the greatest common factor of 406504 and 4270.
854
What is the highest common factor of 3490 and 50?
10
What is the highest common factor of 75 and 850800?
75
Calculate the greatest common factor of 221444 and 812.
116
What is the greatest common factor of 26829 and 1355?
271
Calculate the greatest common factor of 2793 and 43548.
57
What is the greatest common factor of 4 and 1826156?
4
Calculate the highest common divisor of 142459 and 86.
43
What is the greatest common divisor of 1196 and 3860090?
598
What is the greatest common factor of 156 and 3688386?
78
Calculate the greatest common divisor of 588 and 2989.
49
What is the greatest common factor of 27909 and 1344?
21
Calculate the highest common divisor of 378974 and 114.
38
Calculate the greatest common factor of 49 and 527485.
49
Calculate the greatest common factor of 26 and 1834313.
13
What is the highest common factor of 10 and 70270?
10
What is the highest common divisor of 134934 and 1548?
258
Calculate the greatest common divisor of 243412 and 17732.
1612
Calculate the highest common divisor of 1011585 and 17.
17
Calculate the highest common factor of 25656 and 90.
6
Calculate the greatest common factor of 50 and 2220175.
25
What is the highest common divisor of 8 and 24844?
4
Calculate the greatest common factor of 7977000 and 600.
600
What is the highest common divisor of 641 and 3007572?
641
What is the greatest common divisor of 140 and 326760?
140
Calculate the highest common factor of 44993 and 13.
13
Calculate the highest common divisor of 1853 and 87309.
109
What is the highest common divisor of 8544 and 1157?
89
What is the highest common factor of 35272 and 5?
1
Calculate the greatest common factor of 144 and 207.
9
What is the highest common factor of 92518 and 1336?
334
What is the highest common factor of 1706540 and 55?
55
Calculate the highest common factor of 34232 and 1144.
88
Calculate the highest common divisor of 24411345 and 685.
685
What is the greatest common divisor of 15417 and 81?
27
What is the greatest common divisor of 765 and 8517?
51
Calculate the highest common divisor of 481 and 33559.
37
Calculate the highest common divisor of 300258 and 7.
7
What is the highest common divisor of 24890 and 30?
10
Calculate the greatest common factor of 446 and 25199.
223
Calculate the highest common divisor of 37230 and 438.
438
What is the greatest common factor of 3173 and 23484?
19
What is the greatest common divisor of 6344 and 19760?
104
Calculate the greatest common divisor of 101868 and 6396.
156
Calculate the greatest common divisor of 4956 and 5428.
236
What is the greatest common divisor of 31350 and 25050?
150
What is the highest common factor of 15 and 14544?
3
Calculate the greatest common factor of 575472 and 912.
912
What is the greatest common divisor of 55 and 678359?
11
What is the highest common factor of 21903 and 42?
21
Calculate the greatest common divisor of 14121 and 675.
27
Calculate the highest common factor of 1209 and 4214171.
403
What is the highest common factor of 35 and 149905?
35
Calculate the highest common divisor of 723 and 3133.
241
What is the greatest common divisor of 2000 and 24240?
80
Calculate the highest common factor of 80 and 158128.
16
What is the greatest common divisor of 377 and 1274?
13
Calculate the greatest common factor of 917 and 528323.
131
What is the greatest common divisor of 249 and 84245?
83
Calculate the greatest common divisor of 456 and 105168.
24
Calculate the greatest common divisor of 472 and 141768.
8
Calculate the greatest common divisor of 160 and 8440.
40
Calculate the greatest common divisor of 242 and 3751.
121
Calculate the highest common divisor of 3546 and 35066.
394
Calculate the highest common factor of 795003 and 99.
33
Calculate the highest common divisor of 232 and 477398.
58
What is the highest common factor of 400 and 64560?
80
Calculate the greatest common factor of 45 and 16209.
9
What is the greatest common factor of 13673 and 45496?
121
Calculate the greatest common divisor of 33 and 273636.
33
What is the greatest common factor of 158 and 68256?
158
What is the greatest common divisor of 197100 and 180?
180
Calculate the greatest common divisor of 227974 and 124.
62
Calculate the greatest common factor of 1576 and 12725412.
788
Calculate the highest common factor of 607986 and 8618.
278
Calculate the greatest common divisor of 601305 and 15.
15
Calculate the highest common divisor of 40 and 42740.
20
Calculate the greatest common factor of 424 and 266484.
212
What is the highest common factor of 10402 and 714?
14
What is the highest common divisor of 88320 and 23460?
1380
Calculate the greatest common divisor of 128 and 136144.
16
What is the greatest common factor of 128596 and 65?
13
Calculate the highest common factor of 72 and 301176.
72
Calculate the greatest common factor of 60 and 136005.
15
Calculate the greatest common divisor of 8780 and 1040.
20
What is the highest common factor of 288 and 11376?
144
Calculate the greatest common divisor of 62827 and 1.
1
Calculate the highest common divisor of 332568 and 144.
72
What is the highest common divisor of 37530 and 345?
15
What is the greatest common divisor of 21 and 51401?
7
Calculate the greatest common factor of 2862 and 87642.
54
What is the highest common divisor of 3170365 and 649?
649
What is the greatest common divisor of 860 and 552300?
20
What is the greatest common divisor of 592308 and 72?
36
Calculate the highest common factor of 6253 and 70772.
13
Calculate the highest common factor of 9213 and 72816.
111
Calculate the greatest common factor of 270 and 256905.
135
What is the highest common factor of 720 and 65760?
240
What is the highest common factor of 350 and 39190?
10
What is the greatest common divisor of 171 and 7414047?
171
Calculate the highest common divisor of 199 and 1540658.
199
What is the greatest common divisor of 93536 and 17064?
632
What is the highest common divisor of 2592 and 8262?
162
Calculate the greatest common factor of 27467 and 16093.
121
Calculate the greatest common divisor of 16376 and 345.
23
What is the greatest common factor of 902683 and 17?
17
What is the greatest common factor of 5280 and 4?
4
What is the greatest common divisor of 41664 and 67921?
217
What is the greatest common divisor of 1836 and 197370?
918
Calculate the greatest common factor of 57806 and 70.
14
Calculate the greatest common factor of 234 and 53794.
26
What is the greatest common factor of 345 and 4661065?
115
Calculate the greatest common factor of 1080 and 8775.
135
What is the highest common divisor of 176 and 165296?
16
What is the greatest common factor of 2043045 and 2490?
1245
What is the highest common divisor of 593550 and 400?
50
What is the highest common factor of 198 and 4972?
22
What is the greatest common divisor of 76 and 4909999?
19
What is the highest common divisor of 11479 and 1313?
13
What is the greatest common divisor of 56504 and 532?
28
Calculate the highest common factor of 261 and 37265.
29
What is the highest common divisor of 260 and 12805?
65
Calculate the greatest common factor of 1232137 and 37.
37
What is the greatest common factor of 2538 and 88971?
141
What is the highest common factor of